95. What is c(-4)?
-7
Let z(f) = -f**3 + 157*f**2 + 397*f - 12563. What is z(159)?
-2
Let o(k) = -65*k + 15921. Determine o(249).
-264
Let h(a) = -11*a**3 + 4*a**2 + 208*a - 1167. What is h(5)?
-1402
Let y(u) = -136*u - 1684. Give y(-11).
-188
Let l(f) = -4*f**2 - 225*f + 1390. Calculate l(6).
-104
Let t(s) = -358*s - 5344. Give t(-15).
26
Let o(l) = 175539*l - 2106477. What is o(12)?
-9
Let p(s) = 2*s**2 - 37*s + 66. What is p(31)?
841
Let z(y) = 3*y**3 + 81*y**2 - 84*y - 6. Calculate z(-28).
-6
Let l(c) = 41*c**3 + 370*c**2 - 191*c - 1767. Calculate l(-9).
33
Let o(k) = -22*k**3 - 285*k**2 + 15736*k - 209. Calculate o(-34).
-5
Let d(b) = 227*b + 13456. Calculate d(-66).
-1526
Let y(q) = -7*q**3 - 702*q**2 + 2701*q - 340. Determine y(-104).
-28
Let r(x) = -x**3 - 63*x**2 - 442*x + 119. Give r(-55).
229
Let t(b) = 5*b**3 + 32*b**2 - 3090*b - 24213. What is t(-8)?
-5
Let u(d) = -197*d**3 - 2276*d**2 + 1051*d - 50. Give u(-12).
10
Let o(w) = w**3 + 208*w**2 + 1458*w + 10051. What is o(-201)?
-200
Let k(f) = -9*f**2 + 716*f + 24664. Give k(-26).
-36
Let h(q) = -q**2 - 77*q - 1423. Calculate h(-26).
-97
Let u(t) = 166*t - 4938. Calculate u(38).
1370
Let u(b) = b**3 + 8*b**2 - 23*b - 86. Determine u(-10).
-56
Let d(p) = -p**3 + 63*p**2 + 28784*p + 2844. Calculate d(-141).
24
Let m(t) = -240*t**2 - 3600*t - 41. Determine m(-15).
-41
Let c(a) = a**3 - 28*a**2 - 23*a - 140. What is c(29)?
34
Let f(g) = 747*g + 1543. Give f(-1).
796
Let h(l) = 89*l + 4428. Give h(-50).
-22
Let l(x) = 328*x**2 + 358*x + 353. Calculate l(-1).
323
Let o(p) = 7*p + 468. What is o(30)?
678
Let l(y) = -59*y**2 - 684*y + 272. What is l(-12)?
-16
Let s(c) = 164*c + 2603. Calculate s(-17).
-185
Let a(w) = -19*w**2 + 9552*w - 91163. Determine a(493).
42
Let j(m) = -52*m - 2993. Calculate j(-81).
1219
Let i(v) = -2*v**2 - 98*v - 204. Give i(-38).
632
Let a(o) = -19470*o - 8936726. Calculate a(-459).
4
Let b(v) = v**2 - 44*v + 11. Determine b(-32).
2443
Let b(m) = 10*m**3 + 186*m**2 + 19*m - 421. Give b(-18).
1181
Let u(y) = 199*y**2 + 20*y + 2. What is u(-1)?
181
Let h(r) = 574044*r + 4592329. Calculate h(-8).
-23
Let m(s) = s**3 - 208*s**2 - 856*s + 1582. Calculate m(212).
-114
Let i(n) = -n**3 + 37*n**2 + 116*n - 2473. What is i(38)?
491
Let v(l) = l**3 - 148*l**2 - 4525*l - 18. Give v(-26).
8
Let a(i) = 102*i**2 + 84916*i + 43279. Give a(-832).
15
Let h(x) = -3126*x - 26135. Calculate h(-8).
-1127
Let u(l) = -9*l**2 - 18*l - 519. Determine u(-16).
-2535
Let m(q) = q**3 + 200*q**2 + 398*q + 337. Determine m(-198).
-59
Let r(b) = -b**3 - 73*b**2 - 500*b + 132. Calculate r(-8).
-28
Let o(c) = -2*c**3 - 228*c**2 - 456*c - 957. Give o(-112).
-61
Let m(v) = -v**3 + 104*v**2 + 317*v + 226. Calculate m(-2).
16
Let x(z) = -z**3 + 271*z**2 + 3350*z + 13012. Calculate x(283).
-6
Let t(s) = s**3 - 6*s**2 - 3348*s - 9961. Determine t(-3).
2
Let j(t) = -2*t**3 - 291*t**2 - 428*t + 219. What is j(-144)?
-357
Let v(j) = 9*j**2 + 379*j + 5030. Calculate v(-14).
1488
Let y(c) = -35785*c + 4544684. Determine y(127).
-11
Let x(i) = 3957*i - 1131695. Give x(286).
7
Let m(u) = -6*u**2 - 458*u + 508. What is m(-78)?
-272
Let c(n) = -n**3 + 11*n**2 - 2937*n + 32308. What is c(11)?
1
Let l(z) = -7*z**2 + 2002*z - 6002. What is l(3)?
-59
Let u(d) = 23*d + 1031. What is u(-44)?
19
Let v(m) = -20002*m - 800077. What is v(-40)?
3
Let r(z) = 1726*z + 272718. Calculate r(-158).
10
Let g(h) = -2112*h + 41960. What is g(20)?
-280
Let j(n) = n**3 - 5*n**2 + 675*n - 5605. Determine j(8).
-13
Let a(z) = -z**3 - 1193*z**2 - 7128*z - 48. Calculate a(-6).
-12
Let b(h) = 74*h**2 - 2657*h - 13252. Give b(-5).
1883
Let k(y) = 237461*y - 2612068. Give k(11).
3
Let p(s) = -2183*s - 17520. What is p(-7)?
-2239
Let b(u) = -13*u**3 - 248*u**2 - 23*u - 115. Calculate b(-19).
-39
Let m(u) = -506776*u - 3547430. Determine m(-7).
2
Let g(j) = -239094*j + 239087. Determine g(1).
-7
Let o(j) = -100*j - 1492. Determine o(-13).
-192
Let q(s) = -13*s**2 + 310*s + 641. What is q(-2)?
-31
Let f(r) = 2*r**3 + 753*r**2 - 2619*r + 15583. Determine f(-380).
3
Let t(v) = 311*v**2 + 14300*v - 267. Determine t(-46).
9
Let d(l) = l**3 + 71*l**2 + 57*l + 251. Give d(-70).
1161
Let c(o) = -6*o**2 - 256*o - 1450. Determine c(-13).
864
Let a(r) = 8*r**2 + 752*r - 5617. What is a(7)?
39
Let f(n) = 47*n**2 - 1555*n - 1454. Calculate f(34).
8
Let z(x) = -178343*x + 6777026. Give z(38).
-8
Let d(t) = -3*t**2 + 135*t + 91. Determine d(47).
-191
Let s(r) = 57388*r - 1090380. Determine s(19).
-8
Let s(v) = 1786*v + 171491. What is s(-96)?
35
Let n(z) = 9374*z + 8670961. Calculate n(-925).
11
Let p(z) = z**2 - 111*z + 312. Determine p(107).
-116
Let w(l) = l**2 - 1068*l + 262654. Calculate w(384).
-2
Let j(g) = 862*g - 254293. Give j(295).
-3
Let t(p) = -p**2 - 3948*p - 58878. Calculate t(-15).
117
Let l(h) = 733*h**3 - 2868*h**2 - 14. What is l(4)?
1010
Let l(f) = -30*f**3 - 10*f**2 - 11*f + 10. Calculate l(-3).
763
Let p(r) = -88*r**2 - 2126*r - 341. Give p(-24).
-5
Let v(g) = -g**3 + 179*g**2 - 173*g - 819. Determine v(178).
71
Let m(v) = -14*v**3 + 8*v**2 + 352*v + 2035. Give m(-6).
3235
Let v(z) = z**2 + 105*z + 1344. Calculate v(-90).
-6
Let s(w) = -2*w**3 + 87*w**2 - 237*w + 233. Give s(41).
-1079
Let r(c) = 3*c**3 - 16*c**2 - 801*c - 3560. Calculate r(-5).
-330
Let v(y) = y**2 - 150*y - 12302. Calculate v(-59).
29
Let h(p) = -123*p**2 - 710*p - 1143. What is h(-4)?
-271
Let f(i) = -1172*i + 185154. Calculate f(158).
-22
Let w(v) = 3*v**3 + 387*v**2 + 11669*v + 439. Give w(-81).
34
Let q(r) = r**2 - 213*r - 2300. Give q(-11).
164
Let q(v) = -1601*v - 60844. What is q(-38)?
-6
Let y(b) = -b**2 + 98*b - 1425. What is y(25)?
400
Let b(y) = 264*y**2 - 2474*y + 896. What is b(9)?
14
Let q(o) = 101*o**2 + 256*o - 34. What is q(-6)?
2066
Let l(d) = 2*d**2 + 327*d - 34636. Give l(-237).
203
Let u(c) = -c**3 - 116*c**2 - 214*c + 29. Determine u(-2).
1
Let u(j) = -63*j**2 - 7959*j - 2657. Give u(-126).
-11
Let p(v) = -v**2 - 804*v + 268696. Determine p(254).
-36
Let a(i) = 9212*i + 175035. Determine a(-19).
7
Let d(w) = 6658*w + 40018. Give d(-6).
70
Let n(y) = y**3 + 1741*y**2 + 61377*y - 81. Give n(-36).
27
Let b(s) = -3*s**3 + 227*s**2 + 43*s + 2482. Determine b(76).
-26
Let j(q) = 4994*q + 3782. Give j(-1).
-1212
Let q(o) = o**3 + 160*o**2 + 769*o + 175. What is q(-155)?
1105
Let a(r) = 2*r**2 - 20*r - 9063. Calculate a(-62).
-135
Let g(d) = -8220*d + 147944. Give g(18).
-16
Let a(y) = 18200*y + 1528722. Determine a(-84).
-78
Let p(r) = 82018*r - 656147. Determine p(8).
-3
Let m(u) = 2*u**3 - 211*u**2 + 288*u + 1359. Determine m(104).
-1137
Let z(j) = -48052*j - 480505. Determine z(-10).
15
Let z(a) = 18025*a - 234320. Determine z(13).
5
Let f(t) = t**3 - 30*t**2 + 124*t - 2766. Calculate f(29).
-11
Let f(g) = -g**3 + 3*g**2 + 81*g - 349. Give f(4).
-41
Let u(g) = -3*g**3 + 157*g**2 + 91*g + 592. Determine u(53).
-203
Let o(t) = 163153*t + 2447296. Determine o(-15).
1
Let g(t) = t**2 + 141*t - 11535. Give g(58).
7
Let t(a) = a**3 - 167*a**2 - 3158*a + 5609. What is t(184)?
89
Let u(m) = -632*m + 3064. Calculate u(5).
-96
Let w(l) = 1591*l**2 + 6365*l - 14. Determine w(-4).
-18
Let s(i) = 1694*i + 31743. Give s(-19).
-443
Let t(k) = -14*k**2 + 384*k + 6631. What is t(-12)?
7
Let h(l) = 9907*l - 3754753. Calculate h(379).
0
Let j(n) = 351*n + 50234. Calculate j(-143).
41
Let c(f) = f**3 - 3*f**2 - 15335*f + 76657. What is c(5)?
32
Let z(d) = d**2 - 1609*d + 369769. Determine z(278).
-249
Let f(a) = -61*a + 4552. What is f(74)?
38
Let l(n) = 2*n**2 - 1274*n - 674922. Calculate l(-344).
6
Let a(g) = 123*g**2 - 2012*g + 2011. What is a(1)?
122
Let m(q) = -96608*q - 1545729. Give m(-16).
-1
Let h(b) = 3*b**3 - 151*b**2 - 16904*b - 79. Give h(-54).
29
Let i(v) = -398*v + 39237. Give i(99).
-165
Let d(q) = -586*q + 1727. Determine d(3).
-31
Let q(b) = b**3 - 287*b**2 + 1815*b - 36255. Calculate q(281).
-6
Let g(q) = 280*q**2 + 2146*q - 5416. Give g(2).
-4
Let c(n) = -866*n + 252014. Give c(291).
8
Let g(a) = 367366*a + 367373. Calculate g(-1).
7
Let c(z) = 13322*z - 652752. Determine c(49).
26
Let m(c) = 169*c + 3041. Determine m(-18).
-1
Let q(h) = h**2 - 1291*h + 138398. Determine q(118).
-16
Let w(j) = 13435*j - 389610. Give w(29).
5
Let k(l) = 1123*l 